 divided by 14.
13
Calculate the remainder when 755 is divided by 125.
5
What is the remainder when 670 is divided by 24?
22
Calculate the remainder when 93 is divided by 47.
46
What is the remainder when 25 is divided by 15?
10
What is the remainder when 354 is divided by 120?
114
What is the remainder when 191 is divided by 41?
27
What is the remainder when 1038 is divided by 27?
12
Calculate the remainder when 72 is divided by 4.
0
Calculate the remainder when 5538 is divided by 168.
162
Calculate the remainder when 623 is divided by 64.
47
What is the remainder when 207 is divided by 37?
22
What is the remainder when 9005 is divided by 13?
9
What is the remainder when 939 is divided by 94?
93
Calculate the remainder when 2017 is divided by 15.
7
Calculate the remainder when 2002 is divided by 12.
10
What is the remainder when 529 is divided by 106?
105
Calculate the remainder when 1019 is divided by 36.
11
What is the remainder when 6043 is divided by 189?
184
Calculate the remainder when 1251 is divided by 66.
63
Calculate the remainder when 2646 is divided by 519.
51
What is the remainder when 420 is divided by 40?
20
Calculate the remainder when 499 is divided by 21.
16
What is the remainder when 640 is divided by 81?
73
What is the remainder when 200 is divided by 16?
8
What is the remainder when 2336 is divided by 180?
176
Calculate the remainder when 2394 is divided by 11.
7
Calculate the remainder when 9 is divided by 1.
0
Calculate the remainder when 1021 is divided by 16.
13
What is the remainder when 732 is divided by 93?
81
Calculate the remainder when 333 is divided by 5.
3
Calculate the remainder when 7598 is divided by 24.
14
What is the remainder when 1005 is divided by 50?
5
What is the remainder when 8750 is divided by 16?
14
What is the remainder when 43 is divided by 32?
11
What is the remainder when 99 is divided by 7?
1
Calculate the remainder when 274 is divided by 72.
58
Calculate the remainder when 532 is divided by 130.
12
Calculate the remainder when 40 is divided by 7.
5
Calculate the remainder when 555 is divided by 145.
120
Calculate the remainder when 42 is divided by 12.
6
What is the remainder when 545 is divided by 229?
87
What is the remainder when 68 is divided by 10?
8
Calculate the remainder when 1700 is divided by 849.
2
Calculate the remainder when 154 is divided by 13.
11
What is the remainder when 62 is divided by 14?
6
What is the remainder when 78 is divided by 29?
20
What is the remainder when 269 is divided by 139?
130
Calculate the remainder when 179 is divided by 27.
17
Calculate the remainder when 71 is divided by 35.
1
What is the remainder when 81 is divided by 14?
11
Calculate the remainder when 165 is divided by 8.
5
Calculate the remainder when 621 is divided by 36.
9
Calculate the remainder when 983 is divided by 29.
26
Calculate the remainder when 639 is divided by 101.
33
What is the remainder when 193 is divided by 49?
46
Calculate the remainder when 197 is divided by 20.
17
What is the remainder when 758 is divided by 361?
36
What is the remainder when 598 is divided by 25?
23
What is the remainder when 871 is divided by 12?
7
Calculate the remainder when 167 is divided by 85.
82
What is the remainder when 461 is divided by 55?
21
Calculate the remainder when 1 is divided by 1.
0
Calculate the remainder when 582 is divided by 34.
4
Calculate the remainder when 89 is divided by 24.
17
What is the remainder when 7 is divided by 1?
0
Calculate the remainder when 299 is divided by 25.
24
Calculate the remainder when 420 is divided by 24.
12
Calculate the remainder when 829 is divided by 276.
1
Calculate the remainder when 4886 is divided by 26.
24
What is the remainder when 72 is divided by 31?
10
What is the remainder when 10069 is divided by 24?
13
Calculate the remainder when 36650 is divided by 196.
194
Calculate the remainder when 265 is divided by 56.
41
What is the remainder when 441 is divided by 76?
61
What is the remainder when 157 is divided by 151?
6
Calculate the remainder when 185 is divided by 16.
9
What is the remainder when 1468 is divided by 244?
4
Calculate the remainder when 293 is divided by 37.
34
What is the remainder when 6589 is divided by 103?
100
What is the remainder when 3 is divided by 3?
0
What is the remainder when 768 is divided by 86?
80
Calculate the remainder when 691 is divided by 77.
75
Calculate the remainder when 2848 is divided by 92.
88
What is the remainder when 361 is divided by 61?
56
What is the remainder when 961 is divided by 319?
4
Calculate the remainder when 324 is divided by 261.
63
What is the remainder when 1154 is divided by 34?
32
Calculate the remainder when 67 is divided by 12.
7
What is the remainder when 241 is divided by 127?
114
What is the remainder when 320 is divided by 81?
77
What is the remainder when 270 is divided by 11?
6
What is the remainder when 319 is divided by 14?
11
Calculate the remainder when 95 is divided by 25.
20
What is the remainder when 64 is divided by 46?
18
Calculate the remainder when 203 is divided by 33.
5
What is the remainder when 1635 is divided by 244?
171
What is the remainder when 63 is divided by 39?
24
What is the remainder when 248 is divided by 56?
24
Calculate the remainder when 83 is divided by 18.
11
Calculate the remainder when 18191 is divided by 6.
5
What is the remainder when 114 is divided by 29?
27
Calculate the remainder when 1871 is divided by 15.
11
What is the remainder when 1152 is divided by 35?
32
What is the remainder when 78 is divided by 13?
0
What is the remainder when 86 is divided by 31?
24
Calculate the remainder when 265 is divided by 19.
18
What is the remainder when 1350 is divided by 52?
50
Calculate the remainder when 4299 is divided by 134.
11
What is the remainder when 2213 is divided by 12?
5
What is the remainder when 391 is divided by 46?
23
What is the remainder when 335 is divided by 13?
10
What is the remainder when 1894 is divided by 175?
144
Calculate the remainder when 322 is divided by 9.
7
Calculate the remainder when 187 is divided by 52.
31
Calculate the remainder when 280 is divided by 32.
24
Calculate the remainder when 1550 is divided by 45.
20
What is the remainder when 2501 is divided by 9?
8
Calculate the remainder when 176 is divided by 49.
29
Calculate the remainder when 333 is divided by 42.
39
What is the remainder when 1125 is divided by 82?
59
Calculate the remainder when 42 is divided by 24.
18
What is the remainder when 3010 is divided by 67?
62
Calculate the remainder when 95 is divided by 35.
25
What is the remainder when 100 is divided by 81?
19
What is the remainder when 1915 is divided by 34?
11
Calculate the remainder when 38 is divided by 5.
3
Calculate the remainder when 692 is divided by 229.
5
Calculate the remainder when 3039 is divided by 76.
75
What is the remainder when 815 is divided by 4?
3
What is the remainder when 191 is divided by 65?
61
Calculate the remainder when 292 is divided by 21.
19
Calculate the remainder when 250 is divided by 154.
96
Calculate the remainder when 135 is divided by 63.
9
Calculate the remainder when 103 is divided by 74.
29
Calculate the remainder when 156 is divided by 84.
72
Calculate the remainder when 1150 is divided by 32.
30
Calculate the remainder when 128 is divided by 22.
18
What is the remainder when 262 is divided by 239?
23
What is the remainder when 389 is divided by 17?
15
What is the remainder when 335 is divided by 34?
29
Calculate the remainder when 2754 is divided by 53.
51
What is the remainder when 793 is divided by 158?
3
Calculate the remainder when 114 is divided by 40.
34
Calculate the remainder when 180 is divided by 17.
10
Calculate the remainder when 207 is divided by 16.
15
What is the remainder when 7800 is divided by 51?
48
Calculate the remainder when 49139 is divided by 260.
259
What is the remainder when 1439 is divided by 305?
219
Calculate the remainder when 80 is divided by 59.
21
Calculate the remainder when 204 is divided by 10.
4
What is the remainder when 257 is divided by 33?
26
Calculate the remainder when 60 is divided by 16.
12
Calculate the remainder when 410 is divided by 106.
92
Calculate the remainder when 1183 is divided by 391.
10
C